22 (base 4) to base 16.
-7d3c9a
Convert -302321140 (base 5) to base 14.
-238568
What is -65aa24 (base 11) in base 3?
-1222112220011
What is -131c1 (base 16) in base 3?
-10222101000
Convert 10020112220002 (base 3) to base 2.
110100100101110001101
What is -224231 (base 6) in base 5?
-1102344
Convert 32976 (base 12) to base 16.
105ea
What is -1030213 (base 4) in base 10?
-4903
What is -163e (base 15) in base 5?
-123114
-100001011111111101 (base 2) to base 15
-2a9c8
Convert 47b5442 (base 12) to base 2.
110101000111001100110010
-10111111010111101101 (base 2) to base 5
-200040403
-5579a (base 11) to base 10
-80816
What is -34322234 (base 5) in base 10?
-307819
Convert -16113 (base 14) to base 6.
-1103021
331b65 (base 16) to base 10
3349349
Convert -1120100101 (base 3) to base 8.
-74227
What is -466039 (base 13) in base 7?
-20123062
What is 33a80 (base 11) in base 7?
263324
What is -18c39 (base 15) in base 10?
-80379
What is 100000010011111111110 (base 2) in base 5?
232340224
What is 181670 (base 11) in base 15?
580c8
What is -1000111000 (base 3) in base 16?
-4e42
Convert -27d19 (base 16) to base 9.
-267648
What is -24075477 (base 8) in base 9?
-10828138
What is -2448718 (base 9) in base 13?
-378215
-2211121200121 (base 3) to base 15
-1ebc84
Convert 11111110000001011101110 (base 2) to base 13.
1955950
What is -10413051 (base 6) in base 4?
-1030122313
What is -2351556 (base 9) in base 3?
-2101201121220
32904 (base 14) to base 16
1de88
What is -138b82 (base 14) in base 10?
-677294
-22914 (base 11) to base 14
-c088
Convert -13020310 (base 5) to base 7.
-1034211
50658 (base 10) to base 9
76436
Convert 100011001000010111001 (base 2) to base 13.
313c7b
What is -218153 (base 9) in base 8?
-377074
-10100100001010011100000 (base 2) to base 3
-101010022000012
Convert 22504542 (base 6) to base 5.
134140014
What is -54422050 (base 6) in base 9?
-3038763
What is -530454 (base 7) in base 2?
-10110010101010001
64aa85 (base 11) to base 3
1221210220101
-112e0 (base 15) to base 12
-27770
5516650 (base 10) to base 11
3128817
What is 4137 (base 8) in base 11?
1679
-1000001011001101000 (base 2) to base 14
-6d8a4
What is 45935 (base 11) in base 10?
66346
-125015413 (base 6) to base 10
-2475297
What is -1016605 (base 7) in base 11?
-83a6a
Convert 49309 (base 12) to base 6.
2042013
What is -b8cd3 (base 14) in base 13?
-128648
-113403 (base 9) to base 15
-152b9
What is -302131310 (base 4) in base 9?
-344485
Convert -113213032 (base 4) to base 15.
-1d9cd
What is -14642250 (base 7) in base 3?
-2122101212000
Convert -2106610 (base 7) to base 15.
-505e4
What is -200010012111 (base 3) in base 16?
-57115
-110100001000010010100 (base 2) to base 14
-32672c
Convert -11013100323 (base 4) to base 10.
-1340475
-100111212222 (base 3) to base 2
-101101101110000111
Convert 1000312110222 (base 4) to base 5.
13322442342
What is -18251450 (base 9) in base 11?
-5204a52
-5cc7f7 (base 16) to base 14
-b43cd9
Convert 442726 (base 9) to base 7.
2151051
What is 10da29 (base 16) in base 11?
694853
30334552 (base 6) to base 15
122335
-4121302321 (base 5) to base 7
-131161136
-217144 (base 9) to base 6
-2441151
Convert -a78c11 (base 13) to base 2.
-1111000000000100111011
3303323 (base 7) to base 16
62c51
What is -126142 (base 10) in base 12?
-60bba
-2dacba (base 14) to base 10
-1605012
-292960 (base 12) to base 13
-1b1878
What is 5617012 (base 10) in base 9?
11511074
What is -16423161 (base 7) in base 3?
-10000102100010
Convert 1540365 (base 8) to base 15.
8b228
12b43b6 (base 12) to base 8
16140072
Convert -5010296 (base 10) to base 13.
-1065695
4303121240 (base 5) to base 3
122000001211000
What is -222111111010020 (base 3) in base 4?
-311232031131
79b3 (base 16) to base 6
400123
11b129 (base 15) to base 16
cee1d
12120120021 (base 3) to base 7
635002
Convert -11100001110010001111010 (base 2) to base 12.
-2589676
Convert -20321030021 (base 4) to base 7.
-25550042
Convert -678ad (base 14) to base 3.
-110202220001
-2222325 (base 6) to base 12
-549a5
What is 646d (base 16) in base 4?
12101231
Convert -d10cb (base 15) to base 14.
-1331d9
What is -110201000100 (base 3) in base 11?
-160964
What is 11411433 (base 5) in base 3?
12102221100
Convert 10101101101011111100000 (base 2) to base 5.
2424110420
What is -57a8a05 (base 12) in base 2?
-1000000011100100110100101
-16887 (base 14) to base 5
-3302232
What is 1c4323 (base 13) in base 11?
454510
10100100001011001011 (base 2) to base 15
d43a9
What is -175662 (base 8) in base 12?
-31356
What is 1061122 (base 7) in base 11?
90581
What is 10100002001010 (base 3) in base 8?
6606636
-707b9 (base 15) to base 8
-1267434
-4226536 (base 7) to base 16
-7cd6e
Convert -117ea4 (base 15) to base 2.
-11001100010101000001
What is 79863 (base 13) in base 10?
221133
2b6a5 (base 15) to base 13
4b890
Convert 314000042 (base 5) to base 10.
1312522
32cbb3 (base 15) to base 13
66a857
Convert -46fc4 (base 16) to base 2.
-1000110111111000100
What is 1122120032 (base 4) in base 8?
1323016
Convert -129099 (base 12) to base 16.
-4ab35
What is 126106344 (base 7) in base 3?
120022101121220
What is -144621634 (base 7) in base 9?
-20115837
What is 126a65 (base 11) in base 4?
300232300
Convert -2a050 (base 13) to base 3.
-11000120202
What is -1362826 (base 9) in base 2?
-10110111001000000100
-70415 (base 16) to base 11
-2944a8
-233084 (base 14) to base 7
-13123224
Convert 145217 (base 9) to base 13.
31741
-134623 (base 14) to base 12
-280b9b
What is 1223045014 (base 6) in base 8?
65747102
Convert -262ab (base 15) to base 10.
-122111
What is 221212414 (base 5) in base 16?
ea767
-430051145 (base 6) to base 7
-121205330
What is 12479 (base 15) in base 10?
58389
-100001111110001 (base 2) to base 6
-212305
25425251 (base 6) to base 5
202444111
Convert 212112210112211 (base 3) to base 5.
11200430124
317335 (base 8) to base 13
39458
978a0c (base 13) to base 15
4a50e7
123221022 (base 4) to base 5
12110401
What is 136712 (base 12) in base 4?
1032231332
-532210 (base 8) to base 14
-48876
Convert 111200100021 (base 3) to base 15.
54ba1
What is -21031123 (base 6) in base 9?
-1130626
318035 (base 13) to base 16
11b37c
Convert -12033079 (base 10) to base 2.
-101101111001110000110111
What is adaf2 (base 16) in base 2?
10101101101011110010
What is -24a18 (base 15) in base 3?
-12221112012
What is 23221201021 (base 4) in base 9?
5663724
What is -34320 (base 13) in base 6?
-2011500
-2c9b4 (base 13) to base 15
-1a36e
What is -203107 (base 8) in base 16?
-10647
What is 4217352 (base 9) in base 7?
25113503
Convert -1cc61 (base 14) to base 4.
-102000311
What is -111101101111111111 (base 2) in base 15?
-4ee1c
d2e37 (base 15) to base 4
2203012231
5991 (base 10) to base 6
43423
-11730126 (base 8) to base 4
-21323001112
What is -266c2d (base 14) in base 2?
-101000011011111001001
What is -3a69ba (base 12) in base 16?
-ebc1e
Convert 11134252 (base 6) to base 14.
8b8a4
-373c95 (base 14) to base 7
-22043145
-1214114 (base 5) to base 10
-23034
What is 332726 (base 11) in base 8?
2014265
Convert 149c8 (base 13) to base 11.
27366
-1000001011111101100 (base 2) to base 14
-6daa0
-2817e (base 16) to base 5
-20223342
-3b1c0 (base 14) to base 3
-21101222212
-12222001212110 (base 3) to base 4
-30012000111
1200100212021 (base 3) to base 10
892924
Convert -634078 (base 9) to base 4.
-1130002010
What is -1075382 (base 9) in base 15?
-b73a5
Convert -111101000000011110 (base 2) to base 8.
-750036
What is -10053044 (base 6) in base 9?
-476731
Convert 4670db (base 15) to base 7.
40413506
Convert 190084 (base 11) to base 6.
10140024
167488 (base 9) to base 10
103922
Convert 2260126 (base 7) to base 16.
452fb
Convert 66b71 (base 14) to base 8.
746577
What is -aa2aa7 (base 13) in base 9?
-7473444
Convert -5470634 (base 9) to base 3.
-12112100201011
Convert 195189 (base 10) to base 13.
6aac7
Convert 103231000 (base 6) to base 3.
10110102222000
Convert 15426532 (base 7) to base 9.
2714541
Convert 3ab869 (base 12) to base 5.
222132342
Convert 202504 (base 11) to base 16.
4f6fd
Convert 4a9950 (base 12) to base 15.
191566
What is -116aa5 (base 11) in base 6?
-3544255
What is 177684 (base 13) in base 3?
1002212012110
3c1cd (base 14) to base 8
442111
-255273 (base 9) to base 16
-25c98
10779a8 (base 11) to base 8
7140634
What is 1020303100 (base 4)